). Give z(k).
-2
Suppose 0*k + 3*k = -9. Let l(o) = -42 + 45 + o + 0*o. What is l(k)?
0
Let s(b) be the second derivative of 9*b + 0 - 1/2*b**4 + 1/20*b**5 - 2*b**2 + 5/6*b**3. Give s(4).
-16
Let n(f) = f**2 - 7*f - 7. Let p(s) = -2*s**2 + 6*s + 4. Let i(x) = x**2 - x + 1. Let j(w) = -i(w) - p(w). Let b(d) = 7*j(d) - 5*n(d). Determine b(1).
2
Let i(v) be the third derivative of 0 + 8/3*v**3 + 0*v - 31*v**2 + 1/24*v**4. Give i(0).
16
Let o(d) be the second derivative of -d**4/12 - d**3/6 - 9*d**2/2 + 63*d. Give o(0).
-9
Let g be (-69)/(-69) - (2 - 1). Let h(p) = p**3 + 2*p + 2. Calculate h(g).
2
Let p(m) = -m**3 + m**2 - m. Let k(i) = 8*i**3 + 1. Let b = 101 - 102. Let d(x) = b*k(x) - p(x). Calculate d(1).
-8
Suppose 0 = -5*s + 2*s - 4*k + 92, -5*s + 3*k + 134 = 0. Let j be s/8 - (-2)/(-4). Let n(x) = x**3 - j - 9*x**2 + 10*x**2 + 1. Determine n(-2).
-6
Let y(k) be the third derivative of -k**6/120 + 2*k**5/15 + 3*k**4/8 - 7*k**3/6 - 10*k**2. What is y(9)?
-7
Let w be (-8)/(-20) + 28/5. Let s(j) = -w*j - 5 + 8*j + 0*j. What is s(4)?
3
Let f(p) = 3*p - 4. Let s(g) = -1. Let b(y) = y - 2. Let z(r) = -b(r) + 3*s(r). Let c(m) = f(m) + 4*z(m). Give c(-6).
-2
Let r(h) = h**3 - h**2 - h + 3. Let w(t) be the third derivative of t**5/60 + 3*t**4/8 + 4*t**3/3 + 6*t**2. Let n be w(-8). Determine r(n).
3
Let a(y) = -3*y - 13. Let l(f) = 3*f + 5. Let g(w) = -4*w - 7. Let c(o) = 4*g(o) + 5*l(o). Let x(h) = 2*a(h) - 9*c(h). Calculate x(1).
4
Let b(t) = t - 4. Let r be b(4). Suppose -10*i + 30 + 20 = r. Let s(l) = -l + 6. Give s(i).
1
Suppose -6*x + 12 = -2*x. Suppose 2*u + 2 = 3*j + 6, -x = -u + j. Let n(r) = r - u - r - r. Give n(-3).
-2
Let i(u) = -2*u - 2. Suppose d - 4*d = -15. Suppose -2*t = -1 - d. Determine i(t).
-8
Let w(x) = x + 1. Let p(t) = t - 15. Suppose -4*b = 2*r - 8 - 2, 2*r - 9 = -3*b. Suppose -4*y + 41 = b. Let n be p(y). What is w(n)?
-4
Let o(z) be the second derivative of z**4/12 - z**3/2 + z**2/2 + 203*z - 2. Let a be (-2)/6*(-10 + 1). What is o(a)?
1
Let l(r) = -44*r + 135*r + 44 - 45*r - 44*r. Give l(-17).
10
Let l(k) = 14*k + 22. Let s(g) = -5*g - 7. Let d(a) = -2*l(a) - 7*s(a). Let f(u) = 6*u + 4. Let o(j) = 4*d(j) - 5*f(j). Let n = -2 - 0. Calculate o(n).
4
Let v be (-2 - 5) + -23 + 31. Let t(w) = 19*w - 2. Determine t(v).
17
Let c(s) = 9*s - 7. Let y(a) = -6*a + 4. Let k(n) = 5*c(n) + 8*y(n). Calculate k(3).
-12
Let a(c) = -5*c - 5 - 2*c + 4*c. What is a(-5)?
10
Let x(s) be the third derivative of s**6/120 + s**5/30 - s**4/12 + s**3/3 + 13*s**2. Let w be x(-3). Let i(u) = u**3 - 2*u - 1. Give i(w).
0
Suppose 37 = -6*p + 85. Let q(a) = 12 - 8*a - 1 + a**2 - a. Determine q(p).
3
Let x(a) = 2*a**3 + 8*a**2 - 9*a + 4. Let u be x(-5). Let h(r) = -4*r. Calculate h(u).
4
Let v(p) = 2. Let i(t) = 4*t + 3. Let n(f) = -i(f) + 4*v(f). Let x = -8 + 12. Determine n(x).
-11
Let d(k) = -k**2 + 13*k + 35. Let w = -231 - -246. What is d(w)?
5
Let m(g) = g**2 - 12*g - 34. Suppose 56 = 3*h + 3*x + 14, -3*h + x + 42 = 0. Determine m(h).
-6
Let j(r) = -3*r**3 - 2*r**2 - 3*r. Let i be (7 - -3)/5 - 4. What is j(i)?
22
Let r(m) = -m - 2. Suppose 187 = -4*g + n, -50 - 189 = 5*g - 3*n. Let o = -52 - g. Calculate r(o).
4
Let z = 8 - 4. Suppose -n - z*n = 0. Let s(q) be the first derivative of -q**3/3 + q**2/2 + 9*q + 59. Calculate s(n).
9
Let s(m) be the third derivative of -m**6/40 - m**5/30 + m**3/6 + 50*m**2. Let q = -8 + 6. What is s(q)?
17
Let m(x) = -x**3 - 8*x**2 - 2*x - 11. Let j be m(-8). Suppose j*l - 40 = g, l - 5*g - 1 = -17. Let h(p) = p**2 - 10*p + 11. What is h(l)?
2
Let m = 4922 - 4921. Let k(h) be the second derivative of -h**6/40 - h**5/60 + h**2 + 2*h. Let p(x) be the first derivative of k(x). Determine p(m).
-4
Let m be (6/(-21))/((-2)/14). Let b be ((2 - m) + -2)*-1. Let i(v) be the first derivative of v**2 - v + 3. Give i(b).
3
Suppose -3*b + 34*l + 13 = 30*l, 3*b + 4*l - 29 = 0. Let w(c) = c**2 - 8*c - 4. Give w(b).
-11
Let v(t) = t. Let s(g) = -3*g - 1. Let u = -3 - -1. Let w = u - -9. Let o(d) = w*v(d) + 2*s(d). What is o(0)?
-2
Let r(c) be the second derivative of c**5/20 + c**4/2 + 7*c**3/6 + 2*c**2 - 10*c. Let w(k) = -2*k - 1. Let q be w(2). Determine r(q).
-6
Let g(z) = -3*z**2 + 2*z + 9*z**2 - 1 - 7*z**2. Give g(-3).
-16
Let f(v) = 54*v - 113*v + 52*v + 1. Calculate f(-3).
22
Let h(a) = a**2 - 2*a - 1. Let v be (6/21)/(4/28). Suppose -2*d + 4 = -v. Determine h(d).
2
Let i(o) = o**2 - 2*o + 4. Let l(y) = y**2 - 2*y + 3. Let g(p) = 6*i(p) - 7*l(p). Suppose 6 + 6 = 6*q. Let v be (q/4)/((-1)/2) + -1. What is g(v)?
-5
Suppose 6*m + 59 = i + m, -i - 3*m = -35. Let x = i + -45. Let c(g) = -2*g - 1. Calculate c(x).
1
Let u(n) be the second derivative of n**4/12 - 7*n**3/6 + 9*n**2/2 - 843*n. What is u(4)?
-3
Let s(q) = -q**2 + 6*q + 20. Let a be (0 - 4) + 1 + 9. Calculate s(a).
20
Let i(k) = -6 + 7 - k**2 + 2 + k - 7*k + 17*k. Give i(8).
27
Let q(u) = -2*u - 14. Let h be 1/((-4)/(-70) - (-1)/(-5)). What is q(h)?
0
Let c(h) be the second derivative of h**3/2 + h**2 - 2*h + 13. Calculate c(9).
29
Suppose 3*u = -4*v + 22, 0 = -u + 2*u + 2*v - 6. Let h(t) = t**3 - 10*t**2 - t + 11. What is h(u)?
1
Let a(d) = d**3 - 3*d**2 + 3*d + 4. Suppose -5*z - 3*r = -54, r = 3*z + z - 50. Let i = z + -9. Determine a(i).
13
Let z = -18 - -33. Suppose z = -0*d + 5*d. Let n(q) = 6*q - 1. Determine n(d).
17
Let j(d) be the third derivative of -d**6/120 - d**5/15 - d**4/8 - 2*d**3/3 - d**2. Let y = -1827 + 1823. Determine j(y).
8
Let j(l) = -3*l - 20. Suppose 14*k = -21*k + 21*k. Give j(k).
-20
Let i(v) be the second derivative of v**5/20 - v**4/2 - 2*v**3 + 11*v**2/2 + 300*v. Determine i(7).
-24
Let c(g) = g**2 - 2*g - 7. Let w be c(-2). Let u be 2*-1 - (-11 + 4/w). Let z(x) = x**3 - 4*x**2 - 3*x + 1. What is z(u)?
11
Let t(x) = -4*x**3 - 3*x**2 - x + 6. Suppose 13*z = -3*z + 64. Let a(b) = -3*b**3 - 4*b**2 - b + 6. Let h(p) = z*t(p) - 5*a(p). Determine h(8).
2
Let a(o) = -o**3 + 30*o**2 + 65*o - 3. Let q be a(32). Let n(v) = -v**3 + 1 - 38*v - q*v + 72*v + 6*v**2. Calculate n(7).
-13
Let l(w) = -18 - 23*w - 7 + 3*w**2 + 0. Let k(h) = 2*h**2 - 12*h - 13. Let b(q) = 5*k(q) - 3*l(q). Give b(-7).
-4
Let u(q) = 4*q + 2*q**2 + 34*q**3 + 0*q**2 - 33*q**3 - 4 + 3*q**2. Let m = 3 - 9. Let v(t) = t**2 + 6*t - 4. Let i be v(m). Determine u(i).
-4
Let z(d) = 2*d - 6. Let l be -2 - (-1 - 9/3). Suppose 3*s - 3 = -l*f + 3, 5*f - 3*s = 15. Suppose r = 5*k + 9, r + f*k = -3*r + 13. Give z(r).
2
Let q(m) = 19*m**3 - 2*m**2 + 5*m + 7. Let l(w) = -9*w**3 + w**2 - 3*w - 4. Let s(c) = -5*l(c) - 3*q(c). Let a be (-10)/55 + (-18)/22. Calculate s(a).
12
Let r(b) = -5*b - 6*b - 6 + 10*b. Let c(q) = q**3 - 7*q**2 + 7*q - 9. Let f be c(6). Calculate r(f).
-3
Let l(o) = o**2 + 1. Let x(a) = -14*a - 111. Let i(y) = 7*y + 56. Let k(t) = -5*i(t) - 2*x(t). Let c be k(-8). What is l(c)?
5
Let g(p) = -3*p. Suppose 0 = -3*x + 8*d - 3*d - 19, 2*d = -2*x - 2. Let i be g(x). Let y(l) = 5*l + i - 3*l**3 + 2*l**2 - 12 + 2*l**3. Calculate y(3).
3
Suppose -11*v + 19*v - 48 = 0. Let k(b) = b - 9. What is k(v)?
-3
Let a be 77/22 - (-2 - (-25)/20*2). Let y(q) = -2*q**2 - q + 0*q**2 + 5*q. Give y(a).
-6
Let o(v) = 5*v - 12. Let c(i) = 5*i - 12. Let t(g) = 14*g - 34. Let y(w) = 8*c(w) - 3*t(w). Let r be (2/4)/((-2)/28). Let p(m) = r*y(m) - 3*o(m). What is p(0)?
-6
Let l(g) be the second derivative of g**5/40 + g**4/24 + 5*g**3/6 + g. Let n(q) be the second derivative of l(q). Let b be 2/8 + (-14)/(-8). What is n(b)?
7
Let i(j) = 7*j + 1. Let y(l) = 11*l. Let k(b) = 8*i(b) - 5*y(b). Determine k(-8).
0
Suppose -3*s - 443 + 464 = 0. Let l(q) = 4*q - 20. Determine l(s).
8
Let b = 7 + -31. Let t = b + 19. Let l(v) = v**2 + 5*v - 6. What is l(t)?
-6
Suppose 10 = -2*c + 2. Let i(a) = 0*a**2 - 6*a**2 - 76*a**3 - 4 - 7*a + 75*a**3. Determine i(c).
-8
Let v be 1 + (6 - 1) + -3. Suppose -v*n = -r - 4, -2*r - 7 = -3*n + 1. Let a(s) = -3*s**2 + 2*s**3 + 3*s + 2*s - 3*s**3 - 2. Determine a(r).
-6
Let x(v) = 2*v**2 + 7*v + 7. Let c(m) = 5*m**2 + 20*m + 20. Let p(j) = 3*c(j) - 8*x(j). Let q be (-4)/(-16)*4*-14. Let d = q + 17. Give p(d).
7
Suppose -16 = 234*g - 232*g. Let x(y) = -5*y - 9. Calculate x(g).
31
Let i(m) = m**3 - 9*m**2 + 9*m - 4. Let n be i(8). Let j(u) be the second derivative of 0 - 5*u - 2*u**2 + 1